{"version":"1.0","provider_name":"Association Claude Guyot","provider_url":"https:\/\/www.claudeguyot.com","author_name":"Claude Guyot","author_url":"https:\/\/www.claudeguyot.com\/index.php\/author\/admin5958\/","title":"Modification de date - Assembl\u00e9e G\u00e9n\u00e9rale 2017 - Association Claude Guyot","type":"rich","width":600,"height":338,"html":"<blockquote class=\"wp-embedded-content\" data-secret=\"20HRs6uw0s\"><a href=\"https:\/\/www.claudeguyot.com\/index.php\/2017\/09\/25\/modification-de-date-assemblee-generale-2017\/\">Modification de date &#8211; Assembl\u00e9e G\u00e9n\u00e9rale 2017<\/a><\/blockquote><iframe sandbox=\"allow-scripts\" security=\"restricted\" src=\"https:\/\/www.claudeguyot.com\/index.php\/2017\/09\/25\/modification-de-date-assemblee-generale-2017\/embed\/#?secret=20HRs6uw0s\" width=\"600\" height=\"338\" title=\"\u00ab\u00a0Modification de date &#8211; Assembl\u00e9e G\u00e9n\u00e9rale 2017\u00a0\u00bb &#8212; Association Claude Guyot\" data-secret=\"20HRs6uw0s\" frameborder=\"0\" marginwidth=\"0\" marginheight=\"0\" scrolling=\"no\" class=\"wp-embedded-content\"><\/iframe><script>\n\/*! This file is auto-generated *\/\n!function(d,l){\"use strict\";l.querySelector&&d.addEventListener&&\"undefined\"!=typeof URL&&(d.wp=d.wp||{},d.wp.receiveEmbedMessage||(d.wp.receiveEmbedMessage=function(e){var t=e.data;if((t||t.secret||t.message||t.value)&&!\/[^a-zA-Z0-9]\/.test(t.secret)){for(var s,r,n,a=l.querySelectorAll('iframe[data-secret=\"'+t.secret+'\"]'),o=l.querySelectorAll('blockquote[data-secret=\"'+t.secret+'\"]'),c=new RegExp(\"^https?:$\",\"i\"),i=0;i<o.length;i++)o[i].style.display=\"none\";for(i=0;i<a.length;i++)s=a[i],e.source===s.contentWindow&&(s.removeAttribute(\"style\"),\"height\"===t.message?(1e3<(r=parseInt(t.value,10))?r=1e3:~~r<200&&(r=200),s.height=r):\"link\"===t.message&&(r=new URL(s.getAttribute(\"src\")),n=new URL(t.value),c.test(n.protocol))&&n.host===r.host&&l.activeElement===s&&(d.top.location.href=t.value))}},d.addEventListener(\"message\",d.wp.receiveEmbedMessage,!1),l.addEventListener(\"DOMContentLoaded\",function(){for(var e,t,s=l.querySelectorAll(\"iframe.wp-embedded-content\"),r=0;r<s.length;r++)(t=(e=s[r]).getAttribute(\"data-secret\"))||(t=Math.random().toString(36).substring(2,12),e.src+=\"#?secret=\"+t,e.setAttribute(\"data-secret\",t)),e.contentWindow.postMessage({message:\"ready\",secret:t},\"*\")},!1)))}(window,document);\n<\/script>\n","thumbnail_url":"https:\/\/www.claudeguyot.com\/wp-content\/uploads\/2017\/09\/IMG_9702.jpg","thumbnail_width":650,"thumbnail_height":353,"description":"Nous invitons les membres et amis de l\u2019Association Claude Guyot \u00e0 participer \u00e0 notre prochaine assembl\u00e9e g\u00e9n\u00e9rale ordinaire qui se d\u00e9roulera le Dimanche 22 Octobre 2017 \u00e0 15 heures pr\u00e9cises au 3, rue de l\u2019\u00e9glise \u00e0 Arnay-le-Duc Nous nous permettons d\u2019insister sur l\u2019importance qu\u2019il y a d\u2019assister, en personne, \u00e0 cette r\u00e9union qui s\u2019av\u00e8re \u00eatre &hellip; Continuer la lecture de  &rarr;"}

Modification de date - Assemblée Générale 2017 - Association Claude Guyot

<blockquote class="wp-embedded-content" data-secret="20HRs6uw0s"><a href="https://www.claudeguyot.com/index.php/2017/09/25/modification-de-date-assemblee-generale-2017/">Modification de date &#8211; Assemblée Générale 2017</a></blockquote><iframe sandbox="allow-scripts" security="restricted" src="https://www.claudeguyot.com/index.php/2017/09/25/modification-de-date-assemblee-generale-2017/embed/#?secret=20HRs6uw0s" width="600" height="338" title="« Modification de date &#8211; Assemblée Générale 2017 » &#8212; Association Claude Guyot" data-secret="20HRs6uw0s" frameborder="0" marginwidth="0" marginheight="0" scrolling="no" class="wp-embedded-content"></iframe><script>
/*! This file is auto-generated */
!function(d,l){"use strict";l.querySelector&&d.addEventListener&&"undefined"!=typeof URL&&(d.wp=d.wp||{},d.wp.receiveEmbedMessage||(d.wp.receiveEmbedMessage=function(e){var t=e.data;if((t||t.secret||t.message||t.value)&&!/[^a-zA-Z0-9]/.test(t.secret)){for(var s,r,n,a=l.querySelectorAll('iframe[data-secret="'+t.secret+'"]'),o=l.querySelectorAll('blockquote[data-secret="'+t.secret+'"]'),c=new RegExp("^https?:$","i"),i=0;i<o.length;i++)o[i].style.display="none";for(i=0;i<a.length;i++)s=a[i],e.source===s.contentWindow&&(s.removeAttribute("style"),"height"===t.message?(1e3<(r=parseInt(t.value,10))?r=1e3:~~r<200&&(r=200),s.height=r):"link"===t.message&&(r=new URL(s.getAttribute("src")),n=new URL(t.value),c.test(n.protocol))&&n.host===r.host&&l.activeElement===s&&(d.top.location.href=t.value))}},d.addEventListener("message",d.wp.receiveEmbedMessage,!1),l.addEventListener("DOMContentLoaded",function(){for(var e,t,s=l.querySelectorAll("iframe.wp-embedded-content"),r=0;r<s.length;r++)(t=(e=s[r]).getAttribute("data-secret"))||(t=Math.random().toString(36).substring(2,12),e.src+="#?secret="+t,e.setAttribute("data-secret",t)),e.contentWindow.postMessage({message:"ready",secret:t},"*")},!1)))}(window,document);
</script>

Nous invitons les membres et amis de l’Association Claude Guyot à participer à notre prochaine assemblée générale ordinaire qui se déroulera le Dimanche 22 Octobre 2017 à 15 heures précises au 3, rue de l’église à Arnay-le-Duc Nous nous permettons d’insister sur l’importance qu’il y a d’assister, en personne, à cette réunion qui s’avère être &hellip; Continuer la lecture de  &rarr;
