{"version":"1.0","provider_name":"Association Claude Guyot","provider_url":"https:\/\/www.claudeguyot.com","author_name":"Claude Guyot","author_url":"https:\/\/www.claudeguyot.com\/index.php\/author\/admin5958\/","title":"Engagez-vous \u00e0 nos c\u00f4t\u00e9s ! - Association Claude Guyot","type":"rich","width":600,"height":338,"html":"<blockquote class=\"wp-embedded-content\" data-secret=\"bzwIKD4Aot\"><a href=\"https:\/\/www.claudeguyot.com\/index.php\/2023\/03\/22\/engagez-vous-a-nos-cotes\/\">Engagez-vous \u00e0 nos c\u00f4t\u00e9s !<\/a><\/blockquote><iframe sandbox=\"allow-scripts\" security=\"restricted\" src=\"https:\/\/www.claudeguyot.com\/index.php\/2023\/03\/22\/engagez-vous-a-nos-cotes\/embed\/#?secret=bzwIKD4Aot\" width=\"600\" height=\"338\" title=\"\u00ab\u00a0Engagez-vous \u00e0 nos c\u00f4t\u00e9s !\u00a0\u00bb &#8212; Association Claude Guyot\" data-secret=\"bzwIKD4Aot\" frameborder=\"0\" marginwidth=\"0\" marginheight=\"0\" scrolling=\"no\" class=\"wp-embedded-content\"><\/iframe><script>\n\/*! This file is auto-generated *\/\n!function(d,l){\"use strict\";l.querySelector&&d.addEventListener&&\"undefined\"!=typeof URL&&(d.wp=d.wp||{},d.wp.receiveEmbedMessage||(d.wp.receiveEmbedMessage=function(e){var t=e.data;if((t||t.secret||t.message||t.value)&&!\/[^a-zA-Z0-9]\/.test(t.secret)){for(var s,r,n,a=l.querySelectorAll('iframe[data-secret=\"'+t.secret+'\"]'),o=l.querySelectorAll('blockquote[data-secret=\"'+t.secret+'\"]'),c=new RegExp(\"^https?:$\",\"i\"),i=0;i<o.length;i++)o[i].style.display=\"none\";for(i=0;i<a.length;i++)s=a[i],e.source===s.contentWindow&&(s.removeAttribute(\"style\"),\"height\"===t.message?(1e3<(r=parseInt(t.value,10))?r=1e3:~~r<200&&(r=200),s.height=r):\"link\"===t.message&&(r=new URL(s.getAttribute(\"src\")),n=new URL(t.value),c.test(n.protocol))&&n.host===r.host&&l.activeElement===s&&(d.top.location.href=t.value))}},d.addEventListener(\"message\",d.wp.receiveEmbedMessage,!1),l.addEventListener(\"DOMContentLoaded\",function(){for(var e,t,s=l.querySelectorAll(\"iframe.wp-embedded-content\"),r=0;r<s.length;r++)(t=(e=s[r]).getAttribute(\"data-secret\"))||(t=Math.random().toString(36).substring(2,12),e.src+=\"#?secret=\"+t,e.setAttribute(\"data-secret\",t)),e.contentWindow.postMessage({message:\"ready\",secret:t},\"*\")},!1)))}(window,document);\n<\/script>\n","description":"Nous connaissons l&rsquo;attachement du plus grand nombre \u00e0 notre grande Histoire nationale mais aussi et plus particuli\u00e8rement \u00e0 notre Histoire locale et \u00e0 ses grandes figures, tout comme \u00e0 la transmission du devoir de M\u00e9moire. Consciente et partie-prenante des enjeux de transmission de notre M\u00e9moire collective, l\u2019association Claude Guyot lors de sa derni\u00e8re assembl\u00e9e g\u00e9n\u00e9rale, &hellip; Continuer la lecture de  &rarr;","thumbnail_url":"https:\/\/www.claudeguyot.com\/wp-content\/uploads\/2023\/03\/Visuel-campagne-adhesions-Claude-Guyot-2023-1024x476.png"}

Engagez-vous à nos côtés ! - Association Claude Guyot

<blockquote class="wp-embedded-content" data-secret="bzwIKD4Aot"><a href="https://www.claudeguyot.com/index.php/2023/03/22/engagez-vous-a-nos-cotes/">Engagez-vous à nos côtés !</a></blockquote><iframe sandbox="allow-scripts" security="restricted" src="https://www.claudeguyot.com/index.php/2023/03/22/engagez-vous-a-nos-cotes/embed/#?secret=bzwIKD4Aot" width="600" height="338" title="« Engagez-vous à nos côtés ! » &#8212; Association Claude Guyot" data-secret="bzwIKD4Aot" frameborder="0" marginwidth="0" marginheight="0" scrolling="no" class="wp-embedded-content"></iframe><script>
/*! This file is auto-generated */
!function(d,l){"use strict";l.querySelector&&d.addEventListener&&"undefined"!=typeof URL&&(d.wp=d.wp||{},d.wp.receiveEmbedMessage||(d.wp.receiveEmbedMessage=function(e){var t=e.data;if((t||t.secret||t.message||t.value)&&!/[^a-zA-Z0-9]/.test(t.secret)){for(var s,r,n,a=l.querySelectorAll('iframe[data-secret="'+t.secret+'"]'),o=l.querySelectorAll('blockquote[data-secret="'+t.secret+'"]'),c=new RegExp("^https?:$","i"),i=0;i<o.length;i++)o[i].style.display="none";for(i=0;i<a.length;i++)s=a[i],e.source===s.contentWindow&&(s.removeAttribute("style"),"height"===t.message?(1e3<(r=parseInt(t.value,10))?r=1e3:~~r<200&&(r=200),s.height=r):"link"===t.message&&(r=new URL(s.getAttribute("src")),n=new URL(t.value),c.test(n.protocol))&&n.host===r.host&&l.activeElement===s&&(d.top.location.href=t.value))}},d.addEventListener("message",d.wp.receiveEmbedMessage,!1),l.addEventListener("DOMContentLoaded",function(){for(var e,t,s=l.querySelectorAll("iframe.wp-embedded-content"),r=0;r<s.length;r++)(t=(e=s[r]).getAttribute("data-secret"))||(t=Math.random().toString(36).substring(2,12),e.src+="#?secret="+t,e.setAttribute("data-secret",t)),e.contentWindow.postMessage({message:"ready",secret:t},"*")},!1)))}(window,document);
</script>

Nous connaissons l&rsquo;attachement du plus grand nombre à notre grande Histoire nationale mais aussi et plus particulièrement à notre Histoire locale et à ses grandes figures, tout comme à la transmission du devoir de Mémoire. Consciente et partie-prenante des enjeux de transmission de notre Mémoire collective, l’association Claude Guyot lors de sa dernière assemblée générale, &hellip; Continuer la lecture de  &rarr;
