{"id":32,"date":"2016-09-05T18:35:28","date_gmt":"2016-09-05T17:35:28","guid":{"rendered":"http:\/\/www.claudeguyot.com\/?page_id=32"},"modified":"2025-05-05T16:23:30","modified_gmt":"2025-05-05T15:23:30","slug":"lassociation","status":"publish","type":"page","link":"https:\/\/www.claudeguyot.com\/index.php\/lassociation\/","title":{"rendered":"L&rsquo;association"},"content":{"rendered":"<div class=\"_d97\">\n<p><strong>L&rsquo;association Claude Guyot est une <a href=\"http:\/\/www.journal-officiel.gouv.fr\/association\/index.php?ctx=eJyLz2FIK2KIL8tjSCwuzk9miC9kUEjOLyrIL0osSdUvKUpNtVIKyS*QD0pNz8zP03fKLy1Kz0*PS9V3PrylJFU3Rd2*SAmrhpDKglSFxLy8*LzkVH3H4GB*Z0*HEE9*P6yqlRjiMzJL3EpzchiMTBkAC*Yyzw__&amp;cref=%2B15353053595487267713\/_c=%2B17682630371306665356&amp;ACTION=refine&amp;JRE_ID=Bourgogne\/C%F4te-d'Or&amp;JTY_ID=ASSOCIATION\">association d\u00e9clar\u00e9e \u00e0 la sous-pr\u00e9fecture de Beaune<\/a>. Elle a \u00e9t\u00e9 fond\u00e9e le 30 ao\u00fbt 2010 \u00e0 Arnay-le-Duc. Elle rel\u00e8ve de la loi du 1er juillet 1901 et du d\u00e9cret du 16 ao\u00fbt 1901. Il s&rsquo;agit d&rsquo;une association apolitique et la\u00efque reconnue d&rsquo;int\u00e9r\u00eat g\u00e9n\u00e9ral. <\/strong><\/p>\n<p><strong><span class=\"_5yl5\">Son objectif principal est de promouvoir et de d\u00e9fendre la m\u00e9moire de la R\u00e9sistance. Elle se donne \u00e9galement pour mission de veiller \u00e0 la transmission de ladite m\u00e9moire aupr\u00e8s des jeunes g\u00e9n\u00e9rations et de mettre en lumi\u00e8re les acteurs connus ou anonymes de la R\u00e9sistance qui ont permis la Victoire de la France sur l\u2019Allemagne nazie. Plus particuli\u00e8rement, l\u2019Association contribue par ses actions, le cas \u00e9ch\u00e9ant, aux c\u00f4t\u00e9s d\u2019autres associations m\u00e9morielles et partenaires publics ou priv\u00e9s, \u00e0 la transmission de la m\u00e9moire de la R\u00e9sistance aupr\u00e8s des jeunes g\u00e9n\u00e9rations au travers de manifestations et <\/span><\/strong><strong><span class=\"_5yl5\">de publications.<\/span><\/strong><\/p>\n<\/div>\n<div class=\"_d97\"><strong><span class=\"_5yl5\">L\u2019Association regroupe au sein de ses membres des historiens (professionnels ou amateurs), des \u00e9crivains et journalistes, des passionn\u00e9s, des universitaires et des \u00e9lus politiques.<\/span><\/strong><\/div>\n<div><\/div>\n<div><img loading=\"lazy\" decoding=\"async\" class=\"wp-image-1439 aligncenter\" src=\"https:\/\/www.claudeguyot.com\/wp-content\/uploads\/2025\/05\/adhesion.jpg\" alt=\"\" width=\"238\" height=\"132\" srcset=\"https:\/\/www.claudeguyot.com\/wp-content\/uploads\/2025\/05\/adhesion.jpg 800w, https:\/\/www.claudeguyot.com\/wp-content\/uploads\/2025\/05\/adhesion-300x167.jpg 300w, https:\/\/www.claudeguyot.com\/wp-content\/uploads\/2025\/05\/adhesion-768x427.jpg 768w, https:\/\/www.claudeguyot.com\/wp-content\/uploads\/2025\/05\/adhesion-600x334.jpg 600w, https:\/\/www.claudeguyot.com\/wp-content\/uploads\/2025\/05\/adhesion-672x372.jpg 672w\" sizes=\"auto, (max-width: 238px) 100vw, 238px\" \/><\/div>\n<div><\/div>\n<ul>\n<li class=\"_d97\" style=\"text-align: center;\"><strong><span class=\"_5yl5\">Cliquez ici pour <a href=\"https:\/\/www.claudeguyot.com\/wp-content\/uploads\/2025\/05\/Flyer-adhesion-Association-Claude-Guyot-2025.pdf\">t\u00e9l\u00e9charger le bulletin d&rsquo;adh\u00e9sion<\/a><\/span><\/strong><\/li>\n<\/ul>\n<div><\/div>\n<div><\/div>\n","protected":false},"excerpt":{"rendered":"<p>L&rsquo;association Claude Guyot est une association d\u00e9clar\u00e9e \u00e0 la sous-pr\u00e9fecture de Beaune. Elle a \u00e9t\u00e9 fond\u00e9e le 30 ao\u00fbt 2010 \u00e0 Arnay-le-Duc. Elle rel\u00e8ve de la loi du 1er juillet 1901 et du d\u00e9cret du 16 ao\u00fbt 1901. Il s&rsquo;agit d&rsquo;une association apolitique et la\u00efque reconnue d&rsquo;int\u00e9r\u00eat g\u00e9n\u00e9ral. Son objectif principal est de promouvoir et &hellip; <a href=\"https:\/\/www.claudeguyot.com\/index.php\/lassociation\/\" class=\"more-link\">Continuer la lecture de <span class=\"screen-reader-text\">L&rsquo;association<\/span>  <span class=\"meta-nav\">&rarr;<\/span><\/a><\/p>\n","protected":false},"author":1,"featured_media":64,"parent":0,"menu_order":5,"comment_status":"closed","ping_status":"closed","template":"","meta":{"footnotes":""},"class_list":["post-32","page","type-page","status-publish","has-post-thumbnail","hentry"],"yoast_head":"<!-- This site is optimized with the Yoast SEO plugin v19.9 - https:\/\/yoast.com\/wordpress\/plugins\/seo\/ -->\n<title>L&#039;association - Association Claude Guyot<\/title>\n<meta name=\"robots\" content=\"index, follow, max-snippet:-1, max-image-preview:large, max-video-preview:-1\" \/>\n<link rel=\"canonical\" href=\"https:\/\/www.claudeguyot.com\/index.php\/lassociation\/\" \/>\n<meta property=\"og:locale\" content=\"fr_FR\" \/>\n<meta property=\"og:type\" content=\"article\" \/>\n<meta property=\"og:title\" content=\"L&#039;association - Association Claude Guyot\" \/>\n<meta property=\"og:description\" content=\"L&rsquo;association Claude Guyot est une association d\u00e9clar\u00e9e \u00e0 la sous-pr\u00e9fecture de Beaune. Elle a \u00e9t\u00e9 fond\u00e9e le 30 ao\u00fbt 2010 \u00e0 Arnay-le-Duc. Elle rel\u00e8ve de la loi du 1er juillet 1901 et du d\u00e9cret du 16 ao\u00fbt 1901. Il s&rsquo;agit d&rsquo;une association apolitique et la\u00efque reconnue d&rsquo;int\u00e9r\u00eat g\u00e9n\u00e9ral. Son objectif principal est de promouvoir et &hellip; Continuer la lecture de L&rsquo;association &rarr;\" \/>\n<meta property=\"og:url\" content=\"https:\/\/www.claudeguyot.com\/index.php\/lassociation\/\" \/>\n<meta property=\"og:site_name\" content=\"Association Claude Guyot\" \/>\n<meta property=\"article:modified_time\" content=\"2025-05-05T15:23:30+00:00\" \/>\n<meta property=\"og:image\" content=\"https:\/\/www.claudeguyot.com\/wp-content\/uploads\/2016\/09\/Inauguration_de_la_plaque_sur_la_maison_de_Claude_Guyot_\u00e0_Arnay-le-Duc_le_11_novembre_20141.jpg\" \/>\n\t<meta property=\"og:image:width\" content=\"800\" \/>\n\t<meta property=\"og:image:height\" content=\"600\" \/>\n\t<meta property=\"og:image:type\" content=\"image\/jpeg\" \/>\n<meta name=\"twitter:card\" content=\"summary_large_image\" \/>\n<meta name=\"twitter:label1\" content=\"Dur\u00e9e de lecture estim\u00e9e\" \/>\n\t<meta name=\"twitter:data1\" content=\"2 minutes\" \/>\n<script type=\"application\/ld+json\" class=\"yoast-schema-graph\">{\"@context\":\"https:\/\/schema.org\",\"@graph\":[{\"@type\":\"WebPage\",\"@id\":\"https:\/\/www.claudeguyot.com\/index.php\/lassociation\/\",\"url\":\"https:\/\/www.claudeguyot.com\/index.php\/lassociation\/\",\"name\":\"L'association - Association Claude Guyot\",\"isPartOf\":{\"@id\":\"https:\/\/www.claudeguyot.com\/#website\"},\"datePublished\":\"2016-09-05T17:35:28+00:00\",\"dateModified\":\"2025-05-05T15:23:30+00:00\",\"breadcrumb\":{\"@id\":\"https:\/\/www.claudeguyot.com\/index.php\/lassociation\/#breadcrumb\"},\"inLanguage\":\"fr-FR\",\"potentialAction\":[{\"@type\":\"ReadAction\",\"target\":[\"https:\/\/www.claudeguyot.com\/index.php\/lassociation\/\"]}]},{\"@type\":\"BreadcrumbList\",\"@id\":\"https:\/\/www.claudeguyot.com\/index.php\/lassociation\/#breadcrumb\",\"itemListElement\":[{\"@type\":\"ListItem\",\"position\":1,\"name\":\"Accueil\",\"item\":\"https:\/\/www.claudeguyot.com\/\"},{\"@type\":\"ListItem\",\"position\":2,\"name\":\"L&#8217;association\"}]},{\"@type\":\"WebSite\",\"@id\":\"https:\/\/www.claudeguyot.com\/#website\",\"url\":\"https:\/\/www.claudeguyot.com\/\",\"name\":\"Association Claude Guyot\",\"description\":\"Association loi 1901 reconnue d&#039;int\u00e9r\u00eat g\u00e9n\u00e9ral\",\"potentialAction\":[{\"@type\":\"SearchAction\",\"target\":{\"@type\":\"EntryPoint\",\"urlTemplate\":\"https:\/\/www.claudeguyot.com\/?s={search_term_string}\"},\"query-input\":\"required name=search_term_string\"}],\"inLanguage\":\"fr-FR\"}]}<\/script>\n<!-- \/ Yoast SEO plugin. -->","yoast_head_json":{"title":"L'association - Association Claude Guyot","robots":{"index":"index","follow":"follow","max-snippet":"max-snippet:-1","max-image-preview":"max-image-preview:large","max-video-preview":"max-video-preview:-1"},"canonical":"https:\/\/www.claudeguyot.com\/index.php\/lassociation\/","og_locale":"fr_FR","og_type":"article","og_title":"L'association - Association Claude Guyot","og_description":"L&rsquo;association Claude Guyot est une association d\u00e9clar\u00e9e \u00e0 la sous-pr\u00e9fecture de Beaune. Elle a \u00e9t\u00e9 fond\u00e9e le 30 ao\u00fbt 2010 \u00e0 Arnay-le-Duc. Elle rel\u00e8ve de la loi du 1er juillet 1901 et du d\u00e9cret du 16 ao\u00fbt 1901. Il s&rsquo;agit d&rsquo;une association apolitique et la\u00efque reconnue d&rsquo;int\u00e9r\u00eat g\u00e9n\u00e9ral. Son objectif principal est de promouvoir et &hellip; Continuer la lecture de L&rsquo;association &rarr;","og_url":"https:\/\/www.claudeguyot.com\/index.php\/lassociation\/","og_site_name":"Association Claude Guyot","article_modified_time":"2025-05-05T15:23:30+00:00","og_image":[{"width":800,"height":600,"url":"https:\/\/www.claudeguyot.com\/wp-content\/uploads\/2016\/09\/Inauguration_de_la_plaque_sur_la_maison_de_Claude_Guyot_\u00e0_Arnay-le-Duc_le_11_novembre_20141.jpg","type":"image\/jpeg"}],"twitter_card":"summary_large_image","twitter_misc":{"Dur\u00e9e de lecture estim\u00e9e":"2 minutes"},"schema":{"@context":"https:\/\/schema.org","@graph":[{"@type":"WebPage","@id":"https:\/\/www.claudeguyot.com\/index.php\/lassociation\/","url":"https:\/\/www.claudeguyot.com\/index.php\/lassociation\/","name":"L'association - Association Claude Guyot","isPartOf":{"@id":"https:\/\/www.claudeguyot.com\/#website"},"datePublished":"2016-09-05T17:35:28+00:00","dateModified":"2025-05-05T15:23:30+00:00","breadcrumb":{"@id":"https:\/\/www.claudeguyot.com\/index.php\/lassociation\/#breadcrumb"},"inLanguage":"fr-FR","potentialAction":[{"@type":"ReadAction","target":["https:\/\/www.claudeguyot.com\/index.php\/lassociation\/"]}]},{"@type":"BreadcrumbList","@id":"https:\/\/www.claudeguyot.com\/index.php\/lassociation\/#breadcrumb","itemListElement":[{"@type":"ListItem","position":1,"name":"Accueil","item":"https:\/\/www.claudeguyot.com\/"},{"@type":"ListItem","position":2,"name":"L&#8217;association"}]},{"@type":"WebSite","@id":"https:\/\/www.claudeguyot.com\/#website","url":"https:\/\/www.claudeguyot.com\/","name":"Association Claude Guyot","description":"Association loi 1901 reconnue d&#039;int\u00e9r\u00eat g\u00e9n\u00e9ral","potentialAction":[{"@type":"SearchAction","target":{"@type":"EntryPoint","urlTemplate":"https:\/\/www.claudeguyot.com\/?s={search_term_string}"},"query-input":"required name=search_term_string"}],"inLanguage":"fr-FR"}]}},"_links":{"self":[{"href":"https:\/\/www.claudeguyot.com\/index.php\/wp-json\/wp\/v2\/pages\/32","targetHints":{"allow":["GET"]}}],"collection":[{"href":"https:\/\/www.claudeguyot.com\/index.php\/wp-json\/wp\/v2\/pages"}],"about":[{"href":"https:\/\/www.claudeguyot.com\/index.php\/wp-json\/wp\/v2\/types\/page"}],"author":[{"embeddable":true,"href":"https:\/\/www.claudeguyot.com\/index.php\/wp-json\/wp\/v2\/users\/1"}],"replies":[{"embeddable":true,"href":"https:\/\/www.claudeguyot.com\/index.php\/wp-json\/wp\/v2\/comments?post=32"}],"version-history":[{"count":24,"href":"https:\/\/www.claudeguyot.com\/index.php\/wp-json\/wp\/v2\/pages\/32\/revisions"}],"predecessor-version":[{"id":1441,"href":"https:\/\/www.claudeguyot.com\/index.php\/wp-json\/wp\/v2\/pages\/32\/revisions\/1441"}],"wp:featuredmedia":[{"embeddable":true,"href":"https:\/\/www.claudeguyot.com\/index.php\/wp-json\/wp\/v2\/media\/64"}],"wp:attachment":[{"href":"https:\/\/www.claudeguyot.com\/index.php\/wp-json\/wp\/v2\/media?parent=32"}],"curies":[{"name":"wp","href":"https:\/\/api.w.org\/{rel}","templated":true}]}}